005*h + 787697. Give g(1509).
-1
Let o(u) = -u**3 - 5*u**2 - 16*u - 208. Determine o(-6).
-76
Let r(v) = -42*v**2 - 685*v - 2740. What is r(-9)?
23
Let r(w) = -3*w**3 + 70*w**2 - 219*w + 375. Determine r(20).
-5
Let m(k) = k**3 - 75*k**2 - 336*k + 32. Determine m(-5).
-288
Let i(n) = 64186*n - 3594415. What is i(56)?
1
Let j(h) = -4*h**3 + 649*h**2 - 192*h + 4854. What is j(162)?
-6
Let g(s) = -3146*s - 14714. Give g(-6).
4162
Let s(u) = 359*u + 18160. What is s(-50)?
210
Let u(v) = 4*v**3 + 40*v**2 + 35*v - 517. Give u(-7).
-174
Let f(x) = -2*x**3 + 8*x**2 + 2*x - 45. Calculate f(3).
-21
Let u(k) = -k**2 + 75*k + 7246. Give u(-53).
462
Let y(p) = 377*p**3 + 493*p**2 + p + 5. What is y(-3)?
-5740
Let q(h) = -h**3 + 10*h**2 - 3196*h + 31887. Give q(10).
-73
Let w(y) = 126*y**2 + 306*y + 75. What is w(-2)?
-33
Let t(r) = 10769*r**2 - 64611*r - 9. Determine t(6).
9
Let k(i) = -i**2 - 48760*i + 487678. What is k(10)?
-22
Let w(s) = 41*s**2 + 588*s + 1157. Calculate w(-12).
5
Let r(n) = n**2 - 5982*n + 518666. What is r(88)?
-6
Let b(l) = -53*l**2 + 3012*l + 691. Give b(57).
178
Let b(l) = -4*l**3 + 41*l**2 - 68*l - 33. Calculate b(13).
-2776
Let a(i) = -3*i**2 + 1308*i - 4134. Determine a(0).
-4134
Let f(m) = -644*m + 41378. What is f(64)?
162
Let k(z) = -16*z**3 - 92*z**2 - 33*z + 113. Give k(-5).
-22
Let w(r) = -9*r**2 + 649*r + 1138. Calculate w(74).
-120
Let l(j) = -j**2 + 224*j + 88603. Give l(430).
23
Let i(k) = k**3 + 41*k**2 - 2335*k - 652. Calculate i(-73).
-725
Let r(f) = 17*f**2 + 748*f + 5307. What is r(-35)?
-48
Let n(h) = -2547*h**2 - 12743*h - 19. What is n(-5)?
21
Let v(h) = h**3 - 39*h**2 - 5126*h + 1966. Determine v(-55).
-454
Let j(i) = 52647*i - 789686. Give j(15).
19
Let u(t) = 25*t**3 + 7955*t**2 - 6394*t - 4469. Give u(-319).
-3
Let p(x) = -x**3 - 95*x**2 - 60*x + 19865. Determine p(-92).
-7
Let s(q) = 6*q**3 - 166*q**2 - 55*q + 6. Give s(28).
34
Let q(m) = -6*m**3 - 148*m**2 + 25*m + 218. Determine q(-25).
843
Let a(u) = -5*u**3 - 84*u**2 - 349*u - 4. Determine a(-8).
-28
Let b(w) = 26754*w + 321055. Determine b(-12).
7
Let t(m) = 48*m - 3772. What is t(64)?
-700
Let w(o) = -35*o - 4628. Calculate w(-141).
307
Let o(s) = -242*s**2 + 4921*s - 27. Determine o(20).
1593
Let y(v) = -6*v**2 + 15131*v - 1155553. What is y(2443)?
-14
Let d(z) = 4*z + 893. Calculate d(-9).
857
Let y(p) = 4*p**3 + 42*p**2 + 7885*p + 78648. Calculate y(-10).
-2
Let a(l) = -1042*l - 749193. Give a(-719).
5
Let z(j) = -j**3 + 58*j**2 - 43*j - 6739. Determine z(55).
-29
Let t(b) = 258845*b - 1294206. What is t(5)?
19
Let p(w) = -w**2 - 5*w + 262. What is p(-14)?
136
Let g(b) = -2*b**3 - b**2 - 9*b - 316. Determine g(0).
-316
Let h(m) = -19*m**3 + 324*m**2 - 69*m + 1432. Determine h(17).
548
Let i(d) = 304*d - 60647. Give i(200).
153
Let t(k) = -15*k**3 + 61*k**2 + 7*k + 57. Give t(4).
101
Let a(v) = -v**3 - 27*v**2 - 332*v - 4721. Give a(-19).
-1301
Let r(b) = 12318*b - 2586820. Calculate r(210).
-40
Let q(g) = -4*g**2 - 245*g - 741. What is q(-3)?
-42
Let f(l) = 27*l**2 + 680*l + 33. Give f(-26).
605
Let d(w) = -782211*w - 4693276. Determine d(-6).
-10
Let q(d) = -2*d**2 + 717*d + 128298. Determine q(-131).
49
Let z(x) = -2*x**3 - 142*x**2 + 1573*x + 102892. Give z(-72).
4
Let m(r) = 10*r**2 + 1840*r - 7384. What is m(-188)?
136
Let x(n) = -8*n**2 - 1317*n - 808. Determine x(-164).
12
Let s(g) = -3*g**3 + 4731*g**2 - 130110*g - 9303. Calculate s(1549).
-9
Let w(n) = -n**3 + 1700*n**2 - 8187*n + 8135121. Determine w(1698).
3
Let r(g) = -4*g**2 + 574*g + 2929. Calculate r(-5).
-41
Let r(q) = 65*q**3 + 12*q**2 + 20*q - 82. Calculate r(-3).
-1789
Let i(g) = 2058*g + 221041. Determine i(-107).
835
Let q(w) = -w**3 - 93*w**2 - 1982*w + 820. Calculate q(-34).
4
Let c(q) = 303*q + 7605. Give c(-22).
939
Let p(v) = -17766*v + 4032878. What is p(227)?
-4
Let o(n) = -2334*n**2 - 179717*n + 71. What is o(-77)?
-6
Let q(y) = 2*y**3 + 533*y**2 + 10961*y - 4688. What is q(-244)?
-52
Let i(d) = -d**3 - 77*d**2 - 92*d - 933. Give i(-76).
283
Let x(r) = 442*r**2 + 31769*r + 73. Calculate x(-72).
4033
Let z(u) = 2*u**2 - 681*u - 22638. Give z(371).
-7
Let d(r) = -r**3 + 32*r**2 - 837*r + 28707. Give d(33).
-3
Let t(p) = -p**3 - 302*p**2 - 15933*p - 4962. What is t(-234)?
-48
Let o(h) = h**2 + 1571*h - 4735. Determine o(3).
-13
Let o(k) = -k**3 - 28*k**2 - 103*k - 303. What is o(-27)?
1749
Let f(k) = -13*k**2 - 2193*k + 2735. Calculate f(-170).
-155
Let p(r) = 2*r**3 - 16*r**2 - 49*r + 361. Give p(6).
-77
Let l(d) = -8147*d - 1401433. Determine l(-172).
-149
Let u(m) = -20*m**2 + 55*m + 11835. Determine u(-23).
-10
Let v(d) = -d**3 + 15*d**2 + 104*d - 1575. Calculate v(12).
105
Let v(r) = r**3 - 31*r**2 + 51*r + 82. Calculate v(27).
-1457
Let k(h) = 6*h**2 + 206*h - 1875. What is k(-48)?
2061
Let t(l) = 15*l**3 + 229*l**2 - 444*l - 127. Determine t(-17).
-93
Let y(j) = 133057*j + 33397307. What is y(-251)?
0
Let p(g) = 1030*g + 94626. Give p(-92).
-134
Let k(r) = -747*r + 5789. Calculate k(8).
-187
Let k(a) = 3656*a - 1056516. Calculate k(289).
68
Let r(k) = -4*k**2 - 389*k + 53397. Determine r(-174).
-21
Let u(d) = -66*d**3 - 3*d**2 + 200*d + 388. Give u(-2).
504
Let r(p) = -18217*p - 200394. Give r(-11).
-7
Let m(n) = 2*n**3 + 68*n**2 + 394*n + 31. Calculate m(-7).
-81
Let i(s) = 107009*s + 321030. Determine i(-3).
3
Let g(c) = 5*c**3 + 2*c**2 + 337*c + 665. What is g(-2)?
-41
Let o(j) = -6834*j + 81252. Determine o(12).
-756
Let y(u) = 4*u**2 - 989*u + 12319. What is y(13)?
138
Let o(m) = -18*m**2 - 887*m - 2487. Determine o(-3).
12
Let k(w) = 3*w**2 - 454*w - 14532. What is k(179)?
325
Let s(t) = -15*t**2 - 41*t + 192. Give s(6).
-594
Let f(a) = 1349*a - 159180. Determine f(118).
2
Let u(r) = -3*r**3 - 204*r**2 + 1576*r + 9. Give u(-75).
-66
Let m(w) = 13*w**2 - 68*w - 458. Calculate m(-5).
207
Let i(p) = p**2 + 199*p - 4125. Give i(19).
17
Let o(d) = 49*d - 2062. Give o(91).
2397
Let v(d) = -111*d - 1007. Give v(-8).
-119
Let t(j) = -74*j**2 + 1284*j + 859. Calculate t(18).
-5
Let d(o) = -3*o**3 + 526*o**2 + 1615*o + 4. Determine d(-3).
-26
Let m(v) = v**3 - 119*v**2 - 292*v + 6892. What is m(121)?
842
Let b(t) = 1327*t - 1772875. Determine b(1336).
-3
Let j(v) = 1295*v - 5493. Determine j(3).
-1608
Let c(t) = t**3 + 4*t**2 - 762*t - 524. What is c(26)?
-56
Let s(h) = 2*h**2 - 247*h + 6366. Determine s(85).
-179
Let k(b) = 177*b**2 - 3567*b + 15069. Calculate k(6).
39
Let o(b) = 322777*b + 645581. Calculate o(-2).
27
Let o(j) = -j**3 + 14*j**2 + 197*j - 2911. Determine o(14).
-153
Let b(w) = -w**3 + 105*w**2 + 4718*w + 1119. Determine b(139).
7
Let w(d) = -36*d**3 - 488*d**2 - 496*d - 7. Determine w(-1).
37
Let l(f) = -f**3 + 16*f**2 + 116*f + 79. Calculate l(20).
799
Let g(a) = -445*a**2 + 2757*a - 3913. Give g(4).
-5
Let q(k) = 5*k**2 + 121*k - 94. Calculate q(0).
-94
Let v(h) = 16*h**3 - 467*h**2 - 68*h + 4408. Calculate v(29).
-87
Let d(x) = 10*x**2 + 2115*x - 8455. What is d(4)?
165
Let z(o) = o**3 + 880*o**2 - 50429*o - 373. Determine z(54).
5
Let q(h) = -h**3 - 80*h**2 - 235*h - 883. Determine q(-77).
-575
Let p(w) = 2*w**2 - 775*w + 44497. Give p(70).
47
Let a(j) = 8*j**3 - 591*j**2 - 37*j - 1292. Determine a(74).
1446
Let y(d) = 150262*d + 300383. Calculate y(-2).
-141
Let t(z) = 329*z - 2865. Give t(10).
425
Let x(d) = 2*d**3 + 246*d**2 - 1289*d - 1152. Calculate x(-128).
0
Let o(t) = 81*t - 10349. What is o(126)?
-143
Let m(o) = 63*o**2 - 11154*o + 11617. Give m(176).
1
Let j(t) = -54168*t - 379163. Calculate j(-7).
13
Let j(i) = -3*i**3 - 214*i**2 - 3479*i - 96. What is j(-25)?
4
Let d(k) = -347*k**2 + 164*k - 176. Determine d(1).
-359
Let r(v) = -124592*v + 996734. Determine r(8).
-2
Let f(z) = -14*z**3 - 110*z**2 - 31*z - 316. What is f(-8)?
60
Let u(l) = -137*l**3 - 1239*l**2 - 76*l - 181. What is u(-9)?
17
Let l(u) = -242*u + 1453. Give l(6).
1
Let p(h) = 3041*h - 295013. What is p(97)?
-36
Let m(i) = 889*i + 21384. Give m(-24).
48
Let o(h) = 1286*h + 38599. Calculate o(-30).
19
Let u(l) = 2*l**3 - 99*l**2 - 4446*l + 153. What is u(78)?
153
Let y(w) = -13*w**3 - w**2 + 7*w + 9. Give y(-1).
14
Let f(h) = 1612*h**2 - 41787*h - 3250. What is f(26)?
0
Let o(x) = x**3 + 85*x**2 - 170*x + 161. Calculate o(-87).
-187
Let r(q) = -q**3 + 809*q**2 + 3228*q